94.
38
What is the greatest common divisor of 9 and 432?
9
What is the greatest common divisor of 21 and 3549?
21
Calculate the highest common factor of 1426 and 1147.
31
What is the greatest common divisor of 2989 and 49?
49
What is the greatest common factor of 57 and 247?
19
What is the highest common factor of 931 and 1729?
133
What is the highest common divisor of 143 and 4667?
13
What is the greatest common divisor of 291 and 52962?
291
Calculate the highest common divisor of 10249 and 554.
277
What is the highest common divisor of 275 and 22?
11
Calculate the greatest common divisor of 18 and 126.
18
What is the highest common factor of 71 and 994?
71
Calculate the greatest common divisor of 224 and 160.
32
What is the greatest common divisor of 66 and 649?
11
Calculate the highest common divisor of 1599 and 39.
39
What is the highest common factor of 228 and 11457?
57
What is the highest common divisor of 55 and 11?
11
What is the greatest common factor of 727 and 1?
1
Calculate the highest common factor of 84 and 5572.
28
Calculate the highest common factor of 19705 and 35.
35
Calculate the highest common divisor of 245 and 21.
7
Calculate the greatest common factor of 486 and 1512.
54
Calculate the highest common factor of 405 and 324.
81
Calculate the greatest common factor of 184 and 1426.
46
Calculate the greatest common factor of 846 and 36.
18
Calculate the highest common divisor of 729 and 39.
3
Calculate the greatest common factor of 570 and 480.
30
What is the greatest common factor of 386 and 15247?
193
What is the greatest common divisor of 199 and 3781?
199
What is the greatest common divisor of 902 and 924?
22
What is the highest common divisor of 85 and 867?
17
Calculate the greatest common divisor of 10 and 830.
10
Calculate the highest common divisor of 99 and 1476.
9
Calculate the highest common factor of 5 and 245.
5
What is the highest common divisor of 1939 and 35?
7
Calculate the highest common divisor of 92 and 20953.
23
Calculate the greatest common factor of 142 and 298.
2
What is the highest common factor of 1170 and 1530?
90
What is the highest common factor of 4646 and 606?
202
Calculate the highest common factor of 105 and 14091.
21
What is the greatest common factor of 73 and 584?
73
What is the greatest common factor of 59 and 8201?
59
What is the greatest common factor of 8 and 88?
8
What is the highest common divisor of 12 and 5500?
4
Calculate the greatest common factor of 225 and 400.
25
Calculate the greatest common divisor of 146 and 146.
146
Calculate the highest common divisor of 12087 and 306.
153
Calculate the highest common factor of 3 and 6.
3
Calculate the highest common factor of 2848 and 1691.
89
Calculate the highest common divisor of 17091 and 1055.
211
What is the highest common factor of 30 and 50?
10
What is the greatest common divisor of 203 and 116?
29
Calculate the greatest common divisor of 9 and 117.
9
Calculate the highest common factor of 56 and 700.
28
What is the greatest common factor of 3728 and 3961?
233
Calculate the highest common factor of 12921 and 438.
219
What is the greatest common factor of 8 and 680?
8
What is the greatest common divisor of 204 and 216?
12
What is the highest common factor of 245 and 147?
49
What is the highest common factor of 24 and 1104?
24
What is the greatest common factor of 125 and 9225?
25
What is the greatest common divisor of 10 and 155?
5
Calculate the greatest common divisor of 4633 and 452.
113
Calculate the greatest common divisor of 1604 and 20.
4
Calculate the greatest common factor of 594 and 486.
54
Calculate the highest common factor of 9 and 9.
9
Calculate the highest common divisor of 533 and 793.
13
Calculate the highest common factor of 9 and 657.
9
Calculate the greatest common factor of 54 and 24.
6
Calculate the greatest common factor of 351 and 13.
13
What is the greatest common factor of 6 and 18?
6
Calculate the greatest common factor of 1640 and 340.
20
What is the greatest common factor of 14755 and 65?
65
What is the highest common divisor of 154 and 224?
14
Calculate the greatest common divisor of 240 and 528.
48
Calculate the highest common divisor of 6 and 618.
6
Calculate the greatest common factor of 6 and 138.
6
Calculate the highest common divisor of 759 and 33.
33
What is the highest common divisor of 259 and 148?
37
What is the highest common divisor of 33 and 77?
11
What is the highest common divisor of 1005 and 30?
15
What is the highest common factor of 528 and 2?
2
What is the highest common factor of 253 and 207?
23
Calculate the highest common divisor of 660 and 560.
20
What is the highest common factor of 1470 and 12?
6
What is the highest common divisor of 24 and 2400?
24
What is the highest common factor of 2742 and 30?
6
Calculate the highest common divisor of 2747 and 134.
67
What is the highest common divisor of 80 and 2440?
40
Calculate the greatest common divisor of 6 and 42.
6
What is the highest common factor of 12 and 21108?
12
Calculate the highest common divisor of 52 and 5798.
26
Calculate the highest common divisor of 657 and 36.
9
Calculate the greatest common divisor of 140 and 13615.
35
Calculate the highest common divisor of 1356 and 48.
12
Calculate the highest common divisor of 2881 and 67.
67
Calculate the greatest common factor of 75189 and 71.
71
What is the highest common factor of 148 and 3700?
148
What is the greatest common divisor of 33 and 33?
33
What is the highest common factor of 104 and 13?
13
Calculate the highest common divisor of 1106 and 70.
14
What is the greatest common divisor of 24 and 2024?
8
What is the highest common factor of 536 and 12?
4
Calculate the highest common divisor of 11 and 33.
11
Calculate the highest common factor of 1212 and 12.
12
What is the greatest common factor of 44 and 143?
11
Calculate the greatest common divisor of 319 and 4263.
29
Calculate the greatest common factor of 36 and 948.
12
Calculate the highest common factor of 55 and 880.
55
Calculate the highest common factor of 4 and 14.
2
Calculate the greatest common divisor of 2484 and 92.
92
What is the highest common factor of 825 and 242?
11
What is the greatest common factor of 78442 and 182?
182
Calculate the highest common divisor of 12140 and 20.
20
Calculate the greatest common factor of 140 and 3626.
14
Calculate the highest common divisor of 136 and 170.
34
What is the highest common factor of 30 and 6870?
30
Calculate the highest common divisor of 1312 and 4264.
328
Calculate the highest common divisor of 5 and 2.
1
Calculate the highest common divisor of 26 and 299.
13
What is the greatest common factor of 176 and 112?
16
What is the greatest common factor of 16 and 1?
1
Calculate the highest common factor of 12 and 127428.
12
What is the highest common divisor of 605 and 165?
55
What is the highest common divisor of 1593 and 27?
27
Calculate the highest common factor of 3618 and 54.
54
Calculate the greatest common factor of 121 and 55.
11
What is the highest common factor of 6567 and 99?
33
Calculate the highest common factor of 228 and 60.
12
What is the highest common factor of 5 and 85?
5
Calculate the highest common factor of 11707 and 69.
23
Calculate the highest common factor of 292 and 4964.
292
What is the greatest common factor of 10742 and 82?
82
Calculate the greatest common factor of 180 and 300.
60
What is the greatest common divisor of 1128 and 24?
24
What is the highest common divisor of 78 and 5538?
78
Calculate the greatest common divisor of 37608 and 12.
12
What is the greatest common factor of 3165 and 30?
15
What is the greatest common factor of 8 and 15256?
8
What is the highest common divisor of 713 and 31?
31
Calculate the highest common factor of 1102 and 76.
38
What is the highest common divisor of 936 and 1053?
117
Calculate the greatest common divisor of 140 and 665.
35
Calculate the greatest common factor of 686 and 28.
14
What is the highest common factor of 6 and 81?
3
What is the highest common factor of 19 and 76?
19
Calculate the greatest common divisor of 15 and 1945.
5
Calculate the greatest common divisor of 38 and 134.
2
Calculate the highest common factor of 28 and 100.
4
Calculate the greatest common factor of 4104 and 2160.